re the prime factors of w?
3
Suppose 0*o = -9*o + 7200. What are the prime factors of o?
2, 5
Let c(o) = 4*o**2 - 5*o**2 + o**3 + 4*o**2 + 4*o**2 - 14*o - 5. List the prime factors of c(-8).
43
Let a(k) = -k**2 - 2*k + 17. Let z be a(-5). Suppose -m - 2*m + 2*f + 161 = 0, 0 = z*f + 8. Let q = m - 4. List the prime factors of q.
47
Let r = -17 + 19. Suppose -r*i + 80 = 2*i. Suppose 5*m - k = -3*k + 130, 4*k = -i. List the prime factors of m.
2, 7
Let v = 172 - -306. List the prime factors of v.
2, 239
Suppose -4*o = 4*r - 8, -o - 4 = -0*r + 3*r. Let p = r - -9. What are the prime factors of 3/p + (-45)/(-2)?
23
Let y(c) = 420*c + 14. List the prime factors of y(1).
2, 7, 31
Suppose 4*x + 54 = 4*z - 30, x + 23 = -z. Let s = 47 + x. Suppose 4*f + 3*u - s = 0, -f + 3 = u - 3. What are the prime factors of f?
7
Let b be (-1)/((3 - 2)*6/(-18)). List the prime factors of 3/(-6) + -107*b/(-6).
53
Suppose -128 = 2*m - 4*w + 90, -w - 218 = 2*m. Let j = 263 + m. List the prime factors of j.
2, 7, 11
Let g(v) = -v**3 - 4*v**2 - 4. Let p be -8 - (2 + 18/(-3)). Let j be g(p). List the prime factors of j/((-49)/12 + 4).
2, 3
Let f = 251 + -251. Suppose 0*n + n - 72 = 0. Suppose -4*y - 5*p + n = f, y - p = p + 31. What are the prime factors of y?
23
Let l be (-10)/(-8) - (-1)/(-4). Suppose 176 = 5*v + l. List the prime factors of v.
5, 7
Let j(l) = -4*l**2 + l + 1. Let i be j(-1). Let h = 2 + i. Let a(s) = 2*s**2 - s + 1. List the prime factors of a(h).
11
Let o(b) = b**3 - 3*b**2 - 14*b + 25. Let s be o(8). Suppose -c + s = -0*c. What are the prime factors of c?
233
Let g(y) = -y + 2. Let u be g(6). Let o be (-3 - u)/((-2)/(-98)). List the prime factors of (o/28)/((-1)/(-12)).
3, 7
Let o(l) = -l**3 - 19*l**2 + 16. Suppose 6 + 89 = -5*f. What are the prime factors of o(f)?
2
Let l(d) = -d**2 - 5*d - 3. Let y be l(-3). Let q be (4/2 - 3) + y. Let u = q + 26. List the prime factors of u.
2, 7
Let f = -5 + 1. What are the prime factors of (-4 - f) + -3 - -106?
103
Let n(h) = h**3 - 30*h**2 + 36*h - 38. What are the prime factors of n(29)?
3, 5, 11
Let c be (-23)/(3/(-2) - 1/(-2)). Suppose 0 = 4*h - i - 515, -148 = -h + i - c. List the prime factors of h.
2, 5, 13
Let k = 19 + -20. Let b = k - -1. Suppose f - 19 = -2*n - n, 2*f + 5*n - 39 = b. List the prime factors of f.
2, 11
Let w be 3 + 8 + -2 + -2. Let z be w + (-3)/6*2. Suppose -18 = -z*h + 3*h. What are the prime factors of h?
2, 3
Let y(i) = 6*i + 2. Let n be 33/6 + 2/(-4). Suppose -3*m + 16 = n*g - 4*m, -3*g = -3*m. List the prime factors of y(g).
2, 13
Let m = 69 - 64. Suppose -77 = -4*v - m*q, 75 = 3*v + 7*q - 9*q. What are the prime factors of v?
23
Suppose 120 = 4*z + 37*f - 39*f, 91 = 3*z - 2*f. What are the prime factors of z?
29
Suppose 12*d = 39*d - 28971. What are the prime factors of d?
29, 37
Suppose -4*b = -41*b + 31598. What are the prime factors of b?
2, 7, 61
List the prime factors of (-7713)/15*(10 - 15).
3, 857
Let z = 1 - -1. Let g = 0 + z. Suppose -2*b = g*b - 80. List the prime factors of b.
2, 5
What are the prime factors of ((-5)/(-6 + -4))/(2/6296)?
2, 787
Suppose 0 = 2*q + 5*w - 3*w + 36, -4*w - 91 = 5*q. Let y = q - -31. What are the prime factors of y/(-6)*(-201)/6?
67
Let d = -80 - -134. Suppose -174 = -6*j - d. What are the prime factors of j?
2, 5
Suppose 0 = -2*s + 37*c - 42*c + 1437, -2*s + 5*c = -1427. List the prime factors of s.
2, 179
Suppose 4*b = -4*y - b + 8, -5*b = -5*y + 10. Suppose -y*x = -7*x. Let h(a) = a**3 + a**2 - 2*a + 16. What are the prime factors of h(x)?
2
Let s = -153 - -334. List the prime factors of 2/(4/s)*(-16)/(-8).
181
Let t(j) = j**2 - 7*j - 3. Let q be (-21)/6*48/(-14). What are the prime factors of t(q)?
3, 19
Suppose x - 491 = 4*r, x - 487 = -r + 4*r. List the prime factors of x.
5, 19
Suppose 20 = 4*w - 3*w. What are the prime factors of w/(-5) + 6 + 16?
2, 3
Let h be (10 - 7) + (-18)/(-1). Let u = 8 - h. Let x = u - -24. What are the prime factors of x?
11
Let c be (-430)/(-90) + (-2)/(-9). Suppose -4*z = -3*i - 1226, -c*i = 3*z - 2*i - 930. What are the prime factors of z?
2, 7, 11
Let i be (-3375)/(-11) + -4 + (-4)/(-22). Let v = i + -198. List the prime factors of v.
3, 5, 7
Let p be 42/7*2/6. Suppose -2*h + 5*f + 20 = 0, 3*h - 30 = 3*f - p*f. Let g = -8 + h. List the prime factors of g.
2
Let p be (-4 + 1)/((-3)/(-8)). List the prime factors of (47 - 1) + p/2.
2, 3, 7
List the prime factors of (-30 - -9 - -11)/((-2)/125).
5
Let t be 27*(2 + -4 + 11 + 0). Let i = -133 + t. List the prime factors of i.
2, 5, 11
Suppose -5*c + 3*t + 2571 = 0, -c - 507 = -2*c - 3*t. List the prime factors of c.
3, 19
Suppose 60 = 9*v - 5*v. Let i = 19 - v. Suppose i*q - 4*z = z + 49, -4*q = 2*z - 14. What are the prime factors of q?
2, 3
Suppose -4*r - 5*j + 15 = 0, 0 = -2*r - 0*j + 5*j - 15. Suppose -5*z - 5 = -r*z. Let o(w) = 18*w**2 - 2*w - 1. What are the prime factors of o(z)?
19
Let u = -3523 + 9555. List the prime factors of u.
2, 13, 29
Suppose 34*z = -17*z + 122043. What are the prime factors of z?
2393
Suppose 3*y + 650 = 8*y. Suppose 0*r + 2*r = m + 88, -3*r + m = -y. What are the prime factors of r?
2, 3, 7
Suppose 2*f - 11 = 7. Let u(i) = -2*i + 15. Let z be u(f). What are the prime factors of (-35)/z - 4/6?
11
Let f(m) = 2*m**2 + 1876. List the prime factors of f(0).
2, 7, 67
Suppose a + 6 = 3*a. Let y = -10 + a. Let d = y + 37. What are the prime factors of d?
2, 3, 5
Suppose 0*f - 2*f - 3*m = -29, 65 = 5*f + 5*m. Suppose 2*u = -2*u, 3*h - 288 = -4*u. Suppose -2*z + h = -f. What are the prime factors of z?
53
Let u(t) = -t**2 + 10*t + 17. Let y be u(11). Suppose -y*g = -146 - 94. What are the prime factors of g?
2, 5
Let n(j) = -2*j + 11. Let u be n(4). Suppose -216 = -3*x + 4*z, -5*x = -u*x - 5*z - 137. List the prime factors of x.
2, 19
Let a be (2/(-3))/((-3)/36). Let y(z) = z**2 - 6*z + 7. Let j be y(a). Let q = 49 - j. List the prime factors of q.
2, 13
List the prime factors of (-14 - -6)/(-4) - (4 - 309).
307
Let k(v) = v**3 - 6*v**2 - 9*v + 4. Let g be -2*4/(-1)*1. What are the prime factors of k(g)?
2, 3, 5
Suppose 4*u = 4*j + 8, 0*j - 18 = j - 5*u. Suppose -17 = 4*x - j*y + 385, 0 = 2*y - 6. Let v = 155 + x. What are the prime factors of v?
2, 7
Let j(f) = 23*f - 39. List the prime factors of j(11).
2, 107
Let a = 394 + -189. What are the prime factors of a?
5, 41
Let k = 60 + -52. Suppose -33 = 5*o - 163. Let z = o + k. List the prime factors of z.
2, 17
What are the prime factors of 4/(-78) - 481744/(-312)?
2, 193
Let i(z) = -86*z + 396. What are the prime factors of i(-23)?
2, 1187
Let j be 5*2/(-5)*-1. Let k = 328 + -318. List the prime factors of (-322)/(-115) + j/k.
3
Let i(x) = 173*x**2 + 25*x - 57. List the prime factors of i(3).
3, 5, 7
Suppose -q + 0*q + 3*j + 3 = 0, 5*j + 5 = -3*q. Suppose k - 8 = -b, 2*k - 16 = -q*k - b. List the prime factors of k.
2
Let b be -2*(-1*(-172)/(-8) - -2). Let y = b - -111. What are the prime factors of y?
2, 3, 5
Let j = 903 + -625. List the prime factors of j.
2, 139
Suppose 0 = 18*n - 15*n - 18. Suppose -n*p = -1359 + 405. What are the prime factors of p?
3, 53
Suppose 3*f + 2 - 20 = -3*s, -2*s + 4 = 0. Suppose -f*k + 21 = z, 2*z - 2*k + 8 = -0*k. List the prime factors of (-5 - -75)*z/2.
5, 7
Let m(o) = -o**2 - 15*o + 19. Let n be m(-16). Suppose r - 68 = n. List the prime factors of r.
71
Let p(s) = -s**2 - 2*s - 10. Let i be p(8). Let n be (11 + 0)/((-10)/i). Suppose 4*f - 15 = -2*b + n, 0 = -3*f + 4*b + 58. List the prime factors of f.
2, 13
Let p(f) = 59*f**3 - f**2 + 15*f - 22. List the prime factors of p(4).
2, 3, 211
Suppose -4*t + 2 + 7 = 5*i, 6 = -2*i. Let d = 20 + t. What are the prime factors of d?
2, 13
Suppose 73*m + 1560 = 83*m. List the prime factors of m.
2, 3, 13
Let r(c) = 7*c**2 - 2*c + 7. Let i(y) = -y**3 - y + 3. Let d be i(0). What are the prime factors of r(d)?
2
Let w(p) = 7*p - 4 - 9*p + 0. List the prime factors of w(-9).
2, 7
Suppose z = 4*z - 36. Suppose -d = 2*d + z. List the prime factors of (-3)/2 - 42/d.
3
Let z(v) = -v**3 + v**2 + 41. List the prime factors of z(0).
41
Let h(r) = 4*r**3 - 24*r**2 + r - 17. List the prime factors of h(7).
2, 3, 31
Let d = 144 + -155. What are the prime factors of d/((-11)/2) + 125?
127
Let y(q) = 7*q**2 - q + 1. Let m(